2. Let t(w) = w**2 - 2*w - 2. Let y be t(5). Is 10 a factor of b(y)?
True
Let b = 41 + -39. Is 5 a factor of (-1)/b*(-5 - 97)?
False
Let z = 63 - 24. Is 2 a factor of z/26*(-28)/(-2)?
False
Let x = 99 + -95. Suppose 5*l = -x*f + 337, -8*f + 2*l = -4*f - 358. Is 11 a factor of f?
True
Is ((-5700)/25)/((-6)/4) a multiple of 19?
True
Let w(d) be the second derivative of -d**3/2 - 9*d**2 + 9*d. Is w(-7) even?
False
Suppose -15*c - 7*c - 858 = 0. Suppose -4*z = -2*z + 46. Let h = z - c. Is h a multiple of 16?
True
Let o be 4/6 + (-7)/(-3). Suppose c - 64 = -f, -5*c + o*f = -146 - 142. Suppose 5*w - c = 90. Is w a multiple of 10?
True
Let i be ((-4)/(-8) - 3)*-2. Suppose 0*u + 600 = i*u. Suppose -3*v + v - h + 54 = 0, 5*h = 5*v - u. Is 13 a factor of v?
True
Let h be 1*1/(-3)*(-4 - -4). Suppose -w + 7*w - 594 = h. Is 11 a factor of w?
True
Let j(a) = -a**3 - 6*a**2 - 4*a + 5. Let i be j(-5). Let r = 41 - 38. Is (114 + i)*r/6 a multiple of 19?
True
Let u be (-44)/(-8) + (-1)/2. Suppose -v - u*v = -120. Does 4 divide v?
True
Let h = -7067 + 11901. Is 57 a factor of h?
False
Suppose -14 = -4*b + 3*w, 0 = 3*b + 2*w + 3*w + 4. Suppose -3*g = -b*c + 4*c + 4, g + 8 = -4*c. Suppose -3*a + g*a + 72 = 0. Is a a multiple of 10?
False
Let z(i) = -45 - 3*i + 8*i + 12 - i. Is 5 a factor of z(12)?
True
Let s(y) be the third derivative of y**5/12 + y**4/3 + 2*y**3 + 8*y**2. Is s(-4) a multiple of 20?
True
Let f(t) = t**3 - 2*t**2 - t - 3. Let v be f(3). Suppose -w + 0*w = v. Is (-4)/(w + 2) + 17 a multiple of 7?
True
Let i = -1162 - -2318. Is i a multiple of 49?
False
Let y(f) = -24*f - 450. Is 6 a factor of y(-26)?
True
Suppose -710 = -6*o + 352. Is o a multiple of 8?
False
Let m(q) = -q**3 + 7*q**2 - 9*q + 2. Let c = -24 - -29. Is 7 a factor of m(c)?
True
Let y = 106 + -13. Does 7 divide y?
False
Does 8 divide 105/(-14)*(-80)/3?
True
Let p = 1043 - 653. Is p a multiple of 15?
True
Let h(q) = 24*q - 520. Is h(61) a multiple of 19?
False
Suppose -k + 2*h + 363 = -4*k, 0 = 5*k + 4*h + 607. Is 4 + (-1 - k) + 0 a multiple of 25?
False
Let t(o) = 14*o - 4. Let h be t(3). Suppose 3*b - 14 - 7 = 3*n, -5*n = -2*b + h. Does 9 divide 6*(2 + (-20)/n)?
True
Suppose -18 = 4*i - i. Let s = 15 - -7. Let y = s - i. Is 28 a factor of y?
True
Let z = 93 + -81. Suppose 0 = -z*u + 267 + 213. Is 12 a factor of u?
False
Suppose 4*t = -t + 9380. Suppose -t = 2*b - 9*b. Does 47 divide b?
False
Let t = -2967 - -4358. Is t a multiple of 6?
False
Let w(z) = 16*z**2 - 7*z - 31. Does 36 divide w(-4)?
False
Suppose -609 = -24*k + 183. Is 3 a factor of k?
True
Is 3/9*246 - (1 - 0) a multiple of 9?
True
Suppose 218 + 302 = -5*i. Let x = 164 + i. Suppose 0 = 3*t - 168 + x. Is 18 a factor of t?
True
Suppose -26 = f - 4*u - 9, 5*u - 22 = f. Let g(o) = o**3 - 3*o**2. Let z be g(f). Suppose z = 3*i + 3*h + 1 - 7, 3*h = 3*i - 30. Is i a multiple of 6?
True
Suppose -2*l = -0*j + 4*j - 174, -l = -3*j - 67. Suppose -3*s + 406 = l. Suppose -3*r + 164 = -s. Does 13 divide r?
True
Is -3*403*2/8*-4 a multiple of 26?
False
Suppose -25*n = -24*n - 4, -2*c + 3*n + 2204 = 0. Does 31 divide c?
False
Let q(i) = i**3 + 13*i**2 - 4*i - 46. Is q(-5) a multiple of 29?
True
Let p(u) = -u + 4. Let s be p(2). Suppose 2*a + i = 2, 3 + 1 = 3*a + s*i. Suppose a = -0*m + 2*m - 84. Is m a multiple of 10?
False
Suppose -574 = -2*l - 154. Is l a multiple of 35?
True
Suppose 60 = 3*q + 2*q. Suppose 0 = -c - 0*c + 4. Suppose -c = -k + q. Is 10 a factor of k?
False
Let y be ((-2)/(-48)*8)/((-1)/(-3)). Is 18 a factor of (y + 194/10)*(-1095)/(-146)?
False
Suppose 14*u - 44*u = -2400. Is u a multiple of 16?
True
Suppose 0 = -2*g - 10, 9*k + 4*g = 11*k - 350. Is 33 a factor of k?
True
Let z(i) = -40*i + 6. Does 6 divide z(-4)?
False
Let h be (-315)/(-30)*2/3. Let l(f) = -f**3 + 9*f**2 + 9*f + 7. Does 24 divide l(h)?
True
Let z(f) = -3*f**2 + 38*f + 23. Is 26 a factor of z(11)?
True
Suppose -517 = -4*s - 5*n + 2594, -5*n = -4*s + 3081. Does 43 divide s?
True
Suppose -z + 20009 = 10*z. Is z a multiple of 17?
True
Let s(u) = -u**2 + 12*u + 10. Let k be s(12). Let a(q) = q**2 - 37. Is 7 a factor of a(k)?
True
Let k(h) = 2*h**2 + 9*h - 49. Does 67 divide k(14)?
True
Let x be (-4)/6*15/(-5). Suppose -x*p + 6 = -0*p. Suppose -5*v + p*v + 186 = 4*w, 0 = -v + 3. Is 24 a factor of w?
False
Let z(y) = -y**3 - y**2 + 4*y + 6. Let i be z(-3). Is (-304)/(-6) - (20/(-5))/i a multiple of 17?
True
Let r be -3 - -6 - (3 - 14). Let i(q) be the second derivative of -q**5/20 + 5*q**4/4 - 13*q**3/6 + 9*q**2 + 2*q. Is i(r) a multiple of 16?
True
Suppose -2*d - 63 = -9*d. Suppose -d*v + 6*v = -6. Suppose 3 + 39 = v*n. Is 7 a factor of n?
True
Suppose 4*p = -b - 6, -b + 4*p + 11 = 1. Suppose -5*m + 4*y = b, -4 = -4*m - 4*y + 16. Is (-2)/1*(-5)/m a multiple of 5?
True
Does 10 divide (2/6)/(4 - (-88109)/(-22029))?
False
Suppose -18*k = -728 - 1306. Does 8 divide k?
False
Let a = -10 - -15. Let v be (52/65)/(2/a). Suppose -3*o + 422 = v*o + 2*c, 3*o - 2*c - 266 = 0. Is 14 a factor of o?
False
Let b be (-3)/((3 + -2)*-1). Let g be ((-6)/(-9))/(1/b). Let s = g - -19. Is 7 a factor of s?
True
Suppose -19*s = -15*s - 16. Suppose 0 = -j - s*j + 145. Is j a multiple of 11?
False
Suppose 3*f + 15 = 51. Suppose -13 = -5*x + f. Let k(t) = t**2 + t. Does 13 divide k(x)?
False
Let k(f) be the first derivative of f**4/4 - 4*f**3/3 + 3*f**2/2 + 2*f + 118. Let z = -7 - -11. Is k(z) a multiple of 3?
False
Let j(z) = -z**3 + 7*z**2 - 4*z - 7. Let c be j(6). Let g = 51 - 47. Suppose c*l - 4*h - 299 = 0, g*h = -5*l + 359 - 28. Does 21 divide l?
True
Suppose -4*a - a + 20 = 0. Let l(t) = 3*t - 10. Let n be l(a). Suppose -5*p - n*k + 98 = 0, p = 4*p + k - 59. Does 10 divide p?
True
Let o = -29 + 32. Suppose -v + 46 = -2*p, 0 = -o*p - v - 2*v - 60. Let w = 5 - p. Is 15 a factor of w?
False
Let u(h) = -h**3 - 5*h**2 - 8*h - 10. Let v be u(-4). Is 1 + v*(-18)/(-4) a multiple of 4?
True
Let g(f) = -156*f + 8. Let q be g(-2). Suppose -39*s + q = -34*s. Does 32 divide s?
True
Let g(y) = -y**2 - 14*y - 13. Let f be -8 + (-4 + 1 - -2). Does 8 divide g(f)?
True
Let i(s) = -28*s**2 - 1. Let x be i(-1). Let b = x - -79. Does 25 divide b?
True
Let m(u) be the first derivative of u**4/2 + 2*u**3/3 + u**2/2 - 11. Let k be m(-2). Does 4 divide (4/k)/(1/(-25))?
False
Let t be (-1)/(-7) + 2065/(-49). Let r = 30 + t. Let q = 49 + r. Does 10 divide q?
False
Suppose 47*k - 46*k - 1088 = 0. Does 34 divide k?
True
Let o(i) = -i**3 + i**2 - 6*i - 11. Let n be 437/(-69) - 1/(-3). Is o(n) a multiple of 10?
False
Suppose -4*f - 7 = k, 2 = -4*k - 4*f + f. Let o(j) = -j**2 + j - 1. Let d(g) = 50*g**3 - 3*g**2 + 3*g - 4. Let v(p) = d(p) - 3*o(p). Is 16 a factor of v(k)?
False
Suppose 0 = d - p - 2, p = 5*p. Suppose -4*q - d*f = -0*f - 238, -q + 4*f = -82. Is q a multiple of 9?
False
Suppose 3*v = k + 2*v + 44, -5*v = k + 26. Let s = k - -103. Is 9 a factor of s?
False
Suppose 4*q + u = 2*q + 121, 5*q - 298 = -u. Let b = q + -3. Let k = 96 - b. Is 20 a factor of k?
True
Suppose y = -7*y + 224. Suppose -3*i - w = -118 + y, -120 = -4*i + 5*w. Is 10 a factor of i?
True
Suppose 2*a - 2435 = -2*a - 5*p, 0 = -2*a - 2*p + 1220. Does 41 divide a?
True
Suppose 22*o - 35*o = -2236. Does 23 divide o?
False
Let o = -361 - -694. Is o a multiple of 24?
False
Let k = -10 + 12. Suppose k*z + 7 - 3 = 0. Does 14 divide ((-90)/(-9))/(z/(-5))?
False
Let k(t) = 28*t**2 - 4*t + 9. Let h(c) = 1. Let r(a) = -4*h(a) + k(a). Let y(n) = -29*n**2 + 5*n - 6. Let w(v) = 6*r(v) + 5*y(v). Is w(1) a multiple of 20?
False
Is 5 a factor of ((-12186)/(-27))/(12/18)?
False
Let u(g) = g**2 + 2*g + 4. Let b(i) = -i**2. Let x(v) = -3*b(v) - u(v). Let o be (22/(-33))/((-2)/9). Does 8 divide x(o)?
True
Let j(f) = -f**3 - 10*f**2 - 10*f - 10. Let o be j(-9). Let a(p) = -109*p**3 - 1. Let x be a(o). Is x/(-30)*(-5)/2 a multiple of 2?
False
Let l(f) = f. Let u(w) = 3*w + 17. Let v = -7 + 9. Let r(a) = v*l(a) + u(a). Does 27 divide r(7)?
False
Suppose 0*m + 3*m + 30 = 0. Let j be 10/(-25) + (-24)/m. Is (-2)/(j - 1) + 12 a multiple of 5?
True
Suppose 2*m - l = 676, 0 = -5*m - l + 1843 - 167. Is 7 a factor of m?
True
Suppose 0 = -0*y + 3*y + 5*n + 8, -5*y = -2*n - 28. Suppose -y*z = d - 188, -z + 3*d + 18 = -16. Is z a multiple of 23?
True
Suppose -2*n 